eatest common factor of 320 and t.
10
Let g(u) = -u + 22. Let l(a) = a**2 + 10*a. Suppose 4 = -2*o - 16. Let i be l(o). Let s be g(i). What is the highest common factor of 11 and s?
11
Let r = 50 + -34. Suppose 2*n = -0*c - 2*c + 96, 4*n - 3*c - 192 = 0. What is the greatest common divisor of n and r?
16
Suppose 3*v - 3*f - 12 = 27, 5*v - 53 = f. Let d(p) = 12*p - 8. Let x be d(4). Calculate the highest common divisor of x and v.
10
Let b(a) = a**2 + 7*a + 2. Let r be b(-4). Let h = r + 15. Let v be h*-1*24/(-20). What is the greatest common factor of v and 48?
6
Let g(s) = -9*s - 3 + 4 - 12*s - 2. Let k be g(1). Let h be (2 - 4)*k/2. Calculate the greatest common factor of 11 and h.
11
Let r be 40*(77/14 - 4). Let x(n) = -4*n**2 + 2*n - 1. Let p be x(-2). Let f = p - -33. Calculate the highest common divisor of f and r.
12
Let b be (-1 - 4)/((-156)/51 - -3). Let c = b - 71. Calculate the highest common divisor of 7 and c.
7
Suppose 22 = -4*v + 210. Let z = v + -29. Calculate the greatest common factor of 27 and z.
9
Suppose -21*i + 24*i + 3*q - 387 = 0, 2*i = 2*q + 238. Calculate the greatest common divisor of i and 465.
31
Let g = -51 - -104. Let d = -32 + g. Calculate the greatest common divisor of 3 and d.
3
Let q be (-5746)/(-18) - (-2)/(-9). Let o = 3274 + -3245. Calculate the greatest common factor of o and q.
29
Let a be ((-80)/12)/(-4)*-3 - -379. What is the highest common divisor of 22 and a?
22
Suppose 0 = -4*a + 5*s + 108 + 557, -s = 3*a - 475. What is the highest common divisor of 240 and a?
80
Let x(s) = -s**3 - 2*s**2 + 5*s. Let b = 0 - 4. Let g be x(b). What is the greatest common factor of 6 and g?
6
Suppose 13*v - 836 = -25*v. Calculate the greatest common factor of v and 4.
2
Suppose -5*b - 5*g + 3 = -2, b - 5*g = 7. Suppose 2*w - 43 + 8 = -5*r, -5*r = -b*w + 25. Calculate the greatest common divisor of w and 10.
5
Let t = 300 - 13. What is the highest common divisor of 41 and t?
41
Suppose -v = -2*m - 701, 6*v - 4*v + 3*m = 1416. What is the greatest common divisor of v and 15?
15
Suppose -i - 9 = -2*p, -4*p - 5*i + 30 = 5. Let m be 5/(p/3)*1. Calculate the greatest common divisor of m and 12.
3
Let r be -115*(0 + (-8)/10). Let u be ((-22)/8)/((-1)/r). Let c(v) = 24*v**2 + 3*v + 2. Let i be c(-1). Calculate the highest common divisor of i and u.
23
Let t(r) = 10*r - 15. Let f(u) = u. Let o(p) = 4*f(p) + t(p). Let m be o(5). Calculate the highest common divisor of 5 and m.
5
Let a(y) = -18*y - 3. Let x be a(-3). Suppose 48 = t - x. Suppose 24 = -5*d + 79. What is the greatest common divisor of t and d?
11
Suppose 0 = -4*n + u + 706, 2*n - 182 = n + 3*u. Suppose 4*y = 2*x + 704, x = y + 4*x - n. Calculate the highest common factor of 11 and y.
11
Let b = 303 + -290. Calculate the greatest common factor of b and 91.
13
Suppose 12*i - 16965 = -27*i. Calculate the highest common factor of i and 135.
15
Let a(f) = -4*f**3 - 14*f**2 - 2*f + 1. Let b be a(-6). Let m = 593 - b. What is the highest common factor of m and 20?
20
Suppose r = 24 - 12. What is the greatest common divisor of r and 24?
12
Let s be (-4 - 1)*(-3 - (-108)/10). Let r = s - -41. Calculate the greatest common divisor of r and 16.
2
Suppose -22*s - 56364 = -26*s. Let k be (s/18)/7 - (-9)/54. What is the highest common divisor of k and 32?
16
Let f be 645/6 + (-4)/(-8). Let q(b) = b**3 + 36*b**2 - 4*b - 132. Let g be q(-36). What is the greatest common factor of f and g?
12
Let m = 29 + 21. What is the highest common divisor of m and 220?
10
Let c = -170 - -489. Calculate the highest common divisor of c and 29.
29
Let y(j) = 3*j**2 - 11*j + 12. Let p be 12/(-7)*(35/(-10))/1. Let i be y(p). What is the highest common divisor of i and 18?
18
Let l(y) = 4*y + 5. Let o be -3*(20/(-6) - -2). Let f be l(o). Let s = -8 + f. Calculate the greatest common divisor of s and 78.
13
Let g = 721 + -688. What is the highest common divisor of g and 15?
3
Let v = -52 - -136. Let w be 2/(9*(-7)/(-756)). Calculate the highest common factor of v and w.
12
Suppose -39 + 209 = 2*g. Let b = -55 + g. Calculate the highest common factor of 15 and b.
15
Suppose 0 = 5*j + 2*l - 223, 4*j - 8*l - 156 = -4*l. Calculate the highest common divisor of j and 129.
43
Suppose -3*y + 4 = -3*s + s, s - y = 0. Suppose v = 5*v + 4. Let u = 9 + v. What is the highest common divisor of s and u?
4
Let y(n) = 3*n**2 + 8*n - 21. Let o(z) = -3*z**2 - 9*z + 20. Let m(j) = -7*o(j) - 6*y(j). Let i be m(-7). What is the greatest common factor of 308 and i?
28
Let s(x) = -102*x + 6 + 101*x + 1. Let g be s(-1). Calculate the highest common factor of 104 and g.
8
Let p = -42 + 57. Let g be (-1482)/(-30) - (-9)/p. Calculate the highest common divisor of 125 and g.
25
Suppose 2*t = -t - n + 12, 4*n + 3 = 5*t. Suppose -17 = -5*s + t. Suppose -s*q + l = -6, -l - l = 2*q - 8. What is the greatest common factor of 6 and q?
2
Let x = 43 - -125. Suppose 9*u = 11*u - 42. What is the highest common divisor of x and u?
21
Let s(l) = -7*l + 26. Let z(y) = y - 1. Let m(h) = s(h) + 5*z(h). Let v be m(0). What is the greatest common divisor of 105 and v?
21
Let y = -137 + 159. Calculate the greatest common factor of 33 and y.
11
Let r(g) = g + 307. Let l be r(26). Calculate the highest common factor of 9 and l.
9
Suppose -857*u + 831*u + 67886 = 0. Calculate the highest common divisor of 7 and u.
7
Let u(m) = -2*m**3 + 4*m**2 + 3*m + 1. Let r be u(-2). Suppose -14*l + 15*l = -a + 10, -3*a + 4*l + 2 = 0. What is the highest common divisor of a and r?
3
Let n(o) = 2*o + 21. Let j be (-6)/(-3) - 2/1. Let r be n(j). Calculate the highest common factor of 14 and r.
7
Let x be 1 + (-17 - (0 - -4)). Let b = x + 22. Let s = 23 - 21. Calculate the highest common factor of s and b.
2
Let q be (-1)/6*-6*9 - 3. What is the greatest common factor of q and 24?
6
Let m = -152 - -247. Calculate the greatest common divisor of 90 and m.
5
Let u(a) = -3*a**2 + a + 4. Let g be u(2). Let f be (9/g)/(-3)*(22 - 0). What is the greatest common divisor of f and 176?
11
Suppose -64*y - 162 = -82*y. What is the highest common divisor of 666 and y?
9
Let y be (4/(-6))/(5/(-30)). Suppose 0 = y*w - 211 - 2529. Let z = 965 - w. What is the highest common divisor of 35 and z?
35
Let a(r) = -11*r - r**2 - 160*r**3 + 1 + 0 + 161*r**3 + 13. Let j be a(6). Calculate the highest common factor of j and 48.
16
Suppose 0 = 9*r - 143 + 35. Let m(b) = -b**2 + 13*b - 3. Let d be m(r). Calculate the greatest common divisor of 15 and d.
3
Suppose 0 = -2*l - 4*t + 16, -2*l - 5*t - 59 = -73. What is the highest common divisor of 57 and l?
3
Let t(y) = 2*y**2 - 3. Let v be t(8). Calculate the highest common factor of 15 and v.
5
Suppose 4*w - 2*s - 354 = 0, s - 5*s + 12 = 0. What is the highest common factor of w and 3330?
90
Let p(v) = v**2 + 3*v + 42. Let n be p(-35). Calculate the highest common divisor of 14 and n.
14
Suppose 5*t + 8 = -y, 0 = 7*t - 2*t + 20. Let o = 423 + -419. What is the greatest common factor of o and y?
4
Suppose -47 = -5*h - 2. What is the highest common factor of 12 and h?
3
Suppose 3*a = 4*m + 4*a - 155, a = -5*m + 195. Calculate the highest common divisor of m and 360.
40
Let u = 209 - 146. Let d = u - 52. Calculate the greatest common divisor of 55 and d.
11
Suppose -9*l + 900 = l. Let i = -74 + l. What is the greatest common factor of 176 and i?
16
Let u be (8/30 + (-2)/3)*-55. Let m be 194 - (-3 - (1 + 0)). Calculate the highest common divisor of u and m.
22
Let o = -8 + 9. Let z be 3 + -2 + 8/o. Let p be (z - 4)/1 + 0. What is the highest common divisor of p and 45?
5
Let j = -798 - -821. What is the highest common divisor of j and 1?
1
Let w = -2488 - -2730. Let g(o) = -o**3 + 6*o**2 + 7*o + 2. Let k be g(6). Suppose -q - q = -k. Calculate the highest common divisor of q and w.
22
Suppose -z + 2*a = 4*a - 20, -z + 35 = -3*a. Let w = 25 - z. Let f be (w + 44/12)*3. Calculate the highest common divisor of 56 and f.
8
Let s be (2 + 0)*18/(15 + -6). What is the greatest common factor of s and 124?
4
Suppose -2*w = -4*v - 580, -2*v = 5*w - 263 - 1127. Let u = -162 + w. Suppose 0 = 4*x - u - 22. What is the greatest common divisor of 14 and x?
7
Let m = 150 + 224. What is the greatest common divisor of 34 and m?
34
Let o = 26 - 26. Let u be 1/(